1 + (-68)/18. Let p(f) = 6*f**2 + 12*f - 4. Let l(j) = j**2 + j + 1. Let h(b) = c*l(b) + p(b). What are the prime factors of h(-7)?
2, 17
Let o = 1769 + 493. List the prime factors of o.
2, 3, 13, 29
Let h(j) be the third derivative of -7*j**4/12 + j**3/3 - 3*j**2. What are the prime factors of h(-2)?
2, 3, 5
Suppose -1770 = -4*f + 2*f. Suppose f = w + 4*w. What are the prime factors of w?
3, 59
Suppose -13*n + 574 = n. List the prime factors of n.
41
Suppose 115 = -6*n - 59. Let w = 64 + n. What are the prime factors of w?
5, 7
Suppose -24*a + 7458 = -13*a. What are the prime factors of a?
2, 3, 113
Let h(k) = 2*k**2 - 64*k + 626. What are the prime factors of h(54)?
2, 19, 79
Suppose 44*n - 41*n = z + 3454, 0 = -4*n - z + 4596. What are the prime factors of n?
2, 5, 23
Suppose -8*w + 9455 = 2*o - 3*w, -4720 = -o + 5*w. List the prime factors of o.
3, 5, 7
Suppose 2 = -3*p + 14. Suppose -p*z + 171 = -77. What are the prime factors of z?
2, 31
Suppose 26*p = 7884 + 4778. What are the prime factors of p?
487
Let v(u) = 3*u**2 - 17*u + 15. Let q be v(6). Suppose -19*i + q*i - 34 = 0. Let z(m) = 6*m - 35. What are the prime factors of z(i)?
67
Suppose -2*m + 2*g + 104 = -m, -5*m = g - 476. Suppose 5*o - m = 2*o. What are the prime factors of o?
2
What are the prime factors of 360848/608 - ((-1)/(-2) - 2)?
5, 7, 17
What are the prime factors of ((-357)/(-36) - 8/12)*80?
2, 5, 37
Suppose 573 = 2*c - 821. What are the prime factors of c?
17, 41
Let c(k) = k**3 - 7*k**2 + 2. Let x(l) = 2*l**3 - 14*l**2 + 3. Let d(a) = -5*c(a) + 3*x(a). Let o be d(7). List the prime factors of ((-18)/7)/(o/21).
2, 3
Let r(s) = -2*s - 11. Let j be r(-8). Let b(u) = -u**2 - 2*u + 5. Let d be b(j). Let p = d - -45. What are the prime factors of p?
3, 5
Suppose -2*b + 186 = -2*l, -l - 3*b = -2*b + 97. Let g = -17 - l. Suppose -2*u - g = -5*u. List the prime factors of u.
2, 13
What are the prime factors of ((-168)/32)/((-4)/96)?
2, 3, 7
Let z(x) = 746*x + 80. List the prime factors of z(3).
2, 19, 61
Suppose 2*w - 4*w = -2*m + 14, -m + 39 = -5*w. What are the prime factors of ((-15)/9 - -1)/(w/132)?
11
Suppose 2*v + r = 883, -45*v + 41*v + 3*r + 1751 = 0. What are the prime factors of v?
2, 5, 11
Let u(o) = 3*o + 4. Let v be u(0). Suppose v*j + 2*g - 166 = 0, 0*g - 2*g = -3*j + 121. What are the prime factors of j?
41
Suppose -4*j + 12 = -0*z + 5*z, j = 2*z + 3. Let n(o) = -o + 12. Let k(h) = -1. Let g(i) = -6*k(i) + n(i). List the prime factors of g(z).
2, 3
Suppose -2 = -n + 1. Let l(f) = -f**2 + 11*f + 9. Let i be l(11). Suppose 0 = 4*t + 3*u - 89, -t - n*u + i = -2. List the prime factors of t.
2, 13
Let o = -1 + 10. Let b(p) = -2*p**2 + 22*p - 2. Let r(i) = i**2 - 11*i + 1. Let c(x) = -6*b(x) - 13*r(x). What are the prime factors of c(o)?
17
Let w be 3/(3 + 18/(-5)). Let r be (-92)/(-20) - 2/w. Suppose 207 + 108 = r*g. List the prime factors of g.
3, 7
List the prime factors of 601/2*(-9 - -11)/1.
601
Suppose 2*f + 14 = 12. Let j(k) = -2*k**3 + 2*k**2 - k - 1. List the prime factors of j(f).
2
Let v(u) = -4*u**3 - 8*u**2 + 6*u - 3. Let x(t) = t**3 + t - 1. Let h(f) = v(f) + 5*x(f). What are the prime factors of h(9)?
2, 43
Let q(b) = 6*b**2 + 2*b - 12. Let r be q(3). Let p = r + -37. List the prime factors of p.
11
Suppose 12 = -9*d + 13*d. Suppose -30 = -n + 2*t, d*n - 65 = n + 3*t. List the prime factors of n.
2, 5
Suppose 3 = b - 0*b. Suppose -b*q + 185 = 35. List the prime factors of q.
2, 5
Suppose 0 = 5*u - i + 794, 3*u - 4*i + 791 = -2*u. Let g = u - -3. Let y = -99 - g. What are the prime factors of y?
3, 19
Let b = -70 - -71. Let o(r) = 12*r**3 - 2*r + 1. List the prime factors of o(b).
11
Let r(p) = 3*p**2 - 33*p + 632. What are the prime factors of r(31)?
2, 7, 89
Let g(a) = a**3 - 15*a**2 + 51*a + 14. List the prime factors of g(13).
3, 113
Suppose -8*l = -19*l + 8635. List the prime factors of l/5*(4 - 3).
157
Let p(h) = 66*h**2 + 5*h + 14. What are the prime factors of p(-4)?
2, 3, 5, 7
Suppose 2*a - 64 = 6*a. Let x(g) = -11*g + 86. List the prime factors of x(a).
2, 131
Suppose 2*p = -x - 4, 2*p + 0*x = 5*x + 20. What are the prime factors of 28 - (-2 - 0/(3 + p))?
2, 3, 5
Let g(k) = -2*k - 5. Suppose -j - 2*r + 60 = 0, -3*j + r + 165 = 4*r. Suppose 0 = -y + 1 - 0, -5*v + 5*y = j. What are the prime factors of g(v)?
13
Let o(v) = v**3 - v + 2. Let z be o(-5). Let i = 168 + z. What are the prime factors of i?
2, 5
Let n be 8/32 + 6/8. Let k = -2 - n. List the prime factors of 1/k + (-170)/(-15).
11
Let h(d) be the second derivative of d**7/126 + d**5/120 - d**4/3 + 4*d. Let s(z) be the third derivative of h(z). What are the prime factors of s(1)?
3, 7
Suppose 200*t - 1128 = 197*t. What are the prime factors of t?
2, 47
Let q(u) = -u**3 + 9*u**2 + 5*u - 8. Let l be q(8). Suppose 18*n + l = 22*n. What are the prime factors of n?
2, 3
Suppose 0 = 3*k - 6, 10602 = -0*i - 4*i - k. Let s = -21 - 45. What are the prime factors of i/s + 1/(-6)?
2, 5
Let d(k) = -k**3 - 20*k**2 + k + 22. Let x be d(-20). Suppose -2*f - 91 - 87 = -x*y, 3*y - 5*f = 267. List the prime factors of y.
89
Suppose -2*g - v = -1407, 24*g - 23*g - 4*v = 681. What are the prime factors of g?
701
Let s = 9 - 23. Let c = s + 26. List the prime factors of (-392)/(-18) - c/(-54).
2, 11
Suppose -4*b + 8*q - 3*q + 260 = 0, -4*b = q - 236. Suppose 0 = -4*s + r - 3*r + b, 0 = -4*r + 16. Let y = s - 1. List the prime factors of y.
2, 3
Suppose 4*c + 4*f = 2*c - 346, -877 = 5*c - 2*f. Let r = c - -303. List the prime factors of r.
2
Suppose -3*n + 5458 = 2*k, -4*n + 6*n - 3637 = -k. List the prime factors of n.
2, 227
Let m = 1556 + -671. What are the prime factors of m?
3, 5, 59
Suppose 4*v - 184 + 480 = 0. Let n = v + 82. List the prime factors of n.
2
What are the prime factors of ((-363)/(-55) + -7)/((-1)/315)?
2, 3, 7
Let t(u) = -u**3 - 3*u**2 + 5*u + 15. Let h be t(-3). Suppose -5*v + 183 = 3*w, -2*w + h*w - 125 = -3*v. List the prime factors of v.
3, 13
What are the prime factors of (2 + -1)/((-8)/(-7024))*5?
2, 5, 439
Let o = 12 - 5. Let h = 10 - o. Suppose h*m - 56 = -m. What are the prime factors of m?
2, 7
Let b = 29 + 45. Let n = b + -21. List the prime factors of n.
53
Let h(x) = -x - 1. Let d be h(-5). Let a be ((-4)/(-6))/(d/24). Let f(p) = p**2 + 3*p - 3. List the prime factors of f(a).
5
Suppose 3*t + 84 - 135 = 0. List the prime factors of t.
17
Let g(r) = 8*r + 9. Let b be g(10). Let t = -49 + b. Suppose a + 0*s - 32 = -s, s = a - t. What are the prime factors of a?
2, 3
Suppose 9 - 1 = d - 3*l, 8 = 2*d - 2*l. Suppose 629 = 3*g - d*f, -f = 4*f - 25. List the prime factors of g.
3, 71
Let h(j) = j**2 + 3*j - 4. Let y be h(-4). Let t = 2 + y. List the prime factors of (-21)/(9/(-24)*t).
2, 7
Suppose 2*p - 106 - 30 = 0. Let u = 39 - 3. Let r = p - u. List the prime factors of r.
2
Let g = 48 - 44. Let f(n) = -n**3 - 6*n**2 - 4*n - 3. Let l be f(-6). Suppose -q - l = -g*q. What are the prime factors of q?
7
Let b(a) = 8*a**2 + 2*a - 4. Suppose -2*u - 11 - 9 = -4*j, 0 = -u. Let z be b(j). Suppose 4*q = -6*t + 4*t + z, -280 = -5*q + 2*t. List the prime factors of q.
2, 3
Let n(i) = -i**3 - 6*i**2 - 8*i - 3. Let s be n(-6). Suppose -7*f = -423 + s. List the prime factors of f.
2, 3
Let n be 1*58*(-4)/(-8). Let g = n + -15. Suppose 0 = 4*r - 5*s - g - 37, r = 3*s + 18. List the prime factors of r.
3
Suppose -4*u + 5*c = -19, 4*u + 5*c = -0*u + 29. Let i(r) = -6*r - 9. Let n be i(3). What are the prime factors of n*((-14)/u + 1)?
2, 3
Let i(m) = -8*m + 6. Let z be i(6). Let f be (-7)/(-14)*(-592)/(-4). Let o = f + z. What are the prime factors of o?
2
Let x(g) = g**2 - g + 4. Let j be x(0). Suppose -5*t = -5*i + 180, 5*t + 104 = j*i - i. What are the prime factors of i?
2, 19
Let q be (-2)/(-10) - 56/(-20). Suppose -n + q*b - 4*b = -6, -3*n + b = -6. What are the prime factors of 2/n + (-496)/(-12)?
2, 3, 7
Let n = 774 + -207. List the prime factors of n.
3, 7
Let r(z) be the second derivative of 5/6*z**3 + 1/6*z**4 - 3/2*z**2 + 7*z + 0. List the prime factors of r(-4).
3
Let h = 180 - -373. List the prime factors of h.
7, 79
Let a = -157 + 101. Let k = a + 31. Let l = 44 + k. What are the prime factors of l?
19
Let l be (-4)/(-18) - 536/(-18). Let d be (6/(-5))/(2/l). Let q = -13 - d